8*c**2 + 206*c + 205. Give j(-1).
-269
Let r(i) = -58*i**2 - 1408*i - 375. What is r(-24)?
9
Let d(o) = -417*o - 15303. Calculate d(-37).
126
Let l(h) = 46*h**2 + 239*h + 1556. What is l(-7)?
2137
Let w(b) = -4*b**3 - 28*b**2 + 92*b + 188. Give w(-9).
8
Let t(a) = a**2 + 340246*a + 3402395. Determine t(-10).
35
Let r(d) = 7710*d + 131059. What is r(-17)?
-11
Let b(o) = -120*o - 6730. Give b(-52).
-490
Let z(s) = 27*s**2 - s + 22. Give z(-2).
132
Let k(d) = 7*d**3 - 23*d**2 + 106*d - 803. What is k(7)?
1213
Let u(x) = 5*x**3 - 453*x**2 + 2375*x + 440. Calculate u(85).
15
Let p(r) = r**3 + 47*r**2 + 258*r + 306. Determine p(-11).
1824
Let h(t) = 234*t + 46916. What is h(-203)?
-586
Let p(z) = -191*z + 65281. Determine p(342).
-41
Let i(o) = -o**2 + 15801*o + 1494125. Determine i(-94).
-5
Let g(o) = 11*o**2 + 3174*o + 6348. Calculate g(-2).
44
Let u(g) = 30*g**3 + 2160*g**2 - 5*g - 280. Calculate u(-72).
80
Let n(k) = 30*k**2 + 767*k + 100. Give n(-25).
-325
Let d(h) = -22*h**2 + 373*h + 21. What is d(17)?
4
Let r(q) = -q**3 - 39*q**2 - 148*q + 35. Calculate r(-35).
315
Let t(d) = 2*d**3 - 61*d**2 - 835*d + 24953. Calculate t(31).
29
Let x(d) = 9501*d + 1111658. What is x(-117)?
41
Let r(f) = 7*f**3 + 60*f**2 + 1484*f + 11645. Calculate r(-8).
29
Let c(d) = d**3 + 11*d**2 + 369*d + 2242. Calculate c(-6).
208
Let b(k) = 104151*k - 2603780. Give b(25).
-5
Let n(v) = -v**2 - 138*v + 6278. What is n(34)?
430
Let t(o) = 79*o**3 + 15*o**2 + 16. Calculate t(3).
2284
Let z(n) = -2546313*n - 5092642. Determine z(-2).
-16
Let m(l) = -3*l**3 + 62*l**2 + 71*l - 1292. Calculate m(21).
-242
Let d(o) = 81*o - 9767. Calculate d(120).
-47
Let h(f) = f**3 - 58*f**2 - 588*f + 773. Calculate h(66).
-3187
Let p(q) = q**2 + 6327*q + 2052505. Calculate p(-343).
-7
Let x(g) = -12*g**3 - 603*g**2 - 7469*g + 140. Give x(-28).
-56
Let x(q) = q**3 + 15*q**2 - 3329*q - 53209. Give x(-16).
-201
Let d(h) = 1656*h - 24574. What is d(15)?
266
Let g(f) = -2*f**2 + 2933*f - 144405. What is g(51)?
-24
Let l(f) = -6305*f - 2994899. Give l(-475).
-24
Let x(d) = -2*d**2 - 117*d + 4036. What is x(24)?
76
Let t(v) = 1633*v + 8126. Calculate t(-5).
-39
Let f(q) = -10855*q**2 - 130264*q - 56. Calculate f(-12).
-8
Let z(c) = -9*c**3 + 135*c**2 - 746*c + 2346. Determine z(9).
6
Let y(a) = -a**3 + 55*a**2 - 357*a - 839. Calculate y(47).
54
Let g(q) = -871*q + 211476. Give g(242).
694
Let a(c) = -2*c**2 - 607*c - 6371. Determine a(-293).
-218
Let u(y) = 162*y - 11004. Give u(68).
12
Let d(m) = 2*m**3 - 13*m**2 + 2*m - 344. What is d(10)?
376
Let u(d) = -d**2 + 50*d - 246. What is u(39)?
183
Let c(y) = -86*y**2 - 469*y - 77. Calculate c(-8).
-1829
Let l(c) = c**3 - 2*c**2 - 435*c - 666. What is l(-19)?
18
Let j(d) = -10*d**3 - 51*d**2 + 132*d - 67. Determine j(2).
-87
Let j(n) = -20*n**3 - 121*n**2 + 99*n + 492. What is j(-6)?
-138
Let u(n) = 42*n**2 - 1117*n - 2236. Calculate u(-2).
166
Let d(k) = 3*k**3 - 22*k**2 - 2563*k + 20283. Give d(8).
-93
Let k(m) = -222*m**2 + 1121*m - 52. What is k(5)?
3
Let n(x) = -6*x**3 - 8*x**2 + 125*x + 230. Determine n(-2).
-4
Let p(d) = 4*d**3 - 280*d**2 - 76*d + 5305. Give p(70).
-15
Let w(i) = -664*i + 180221. Calculate w(271).
277
Let p(r) = -r**3 + 49*r**2 - 5405*r + 172026. Determine p(35).
1
Let k(x) = -1944*x - 67597. What is k(-36)?
2387
Let g(t) = 178*t + 10777. Determine g(-61).
-81
Let y(o) = -o**2 - 3150*o - 464226. Determine y(-155).
-1
Let a(t) = -t**3 - 35*t**2 - 192*t + 25. Calculate a(-6).
133
Let d(x) = x**3 - 4*x**2 + 14*x + 95. Calculate d(-7).
-542
Let w(x) = -2548*x - 2369614. Give w(-930).
26
Let b(i) = -6555*i - 583459. Determine b(-89).
-64
Let g(q) = 125*q**2 + 10*q - 149. Calculate g(-6).
4291
Let k(o) = -1738*o - 610036. Determine k(-351).
2
Let n(s) = -93*s + 20009. Determine n(217).
-172
Let c(f) = 9*f**2 + 554*f + 5350. Calculate c(-12).
-2
Let c(i) = 5*i**2 + 5326*i - 125139. Calculate c(23).
4
Let g(n) = -n**3 - 8*n**2 + 43377*n + 173541. Determine g(-4).
-31
Let m(w) = -42*w - 3096. Give m(-84).
432
Let m(a) = 23*a**2 + 2396*a + 59583. What is m(-41)?
10
Let h(u) = u**2 + 242*u + 10671. Calculate h(-82).
-2449
Let r(h) = -3*h**3 - 33*h**2 + 369*h + 126. Give r(-18).
288
Let s(o) = -1076*o + 30192. Calculate s(27).
1140
Let s(t) = t**3 + 699*t**2 - 2320*t - 150221. What is s(-702)?
7
Let q(l) = -l**3 - 102*l**2 - 496*l - 1506. Calculate q(-97).
-439
Let f(x) = -2805*x + 137432. Give f(49).
-13
Let r(o) = -79552*o + 476652. What is r(6)?
-660
Let i(y) = 3*y**2 - 35451*y - 994969. Determine i(-28).
11
Let n(f) = -f**3 - 205*f**2 - 6952*f - 17285. What is n(-163)?
-7
Let h(t) = -811*t - 123287. Determine h(-152).
-15
Let v(l) = l**3 + 3*l**2 + 1803*l + 7281. Give v(-4).
53
Let a(j) = -7768*j + 380625. Give a(49).
-7
Let g(q) = 1181*q + 6741. Give g(-6).
-345
Let n(j) = -7*j**3 - 37*j**2 + 122*j + 262. Give n(-7).
-4
Let x(g) = 3448*g + 231021. Determine x(-67).
5
Let c(i) = -i**3 - 28*i**2 - 10*i + 100. Give c(-28).
380
Let v(c) = 847*c + 67028. What is v(-79)?
115
Let m(g) = -7606*g - 22880. Calculate m(-3).
-62
Let l(t) = 19*t**2 - 38915*t - 38916. What is l(-1)?
18
Let m(a) = -3444*a + 227299. Give m(66).
-5
Let l(c) = c**2 - 11302*c - 294607. Calculate l(-26).
-79
Let y(l) = 7*l**2 + 529*l - 10254. What is y(16)?
2
Let s(d) = -14*d**3 + 754*d**2 - 26*d + 7237. Give s(54).
1
Let a(h) = -h**2 - 177*h + 12680. Calculate a(-232).
-80
Let c(h) = 2*h**2 - 35346*h + 176679. Determine c(5).
-1
Let d(x) = -282*x - 5366. Give d(-20).
274
Let n(i) = -23995*i - 983796. Determine n(-41).
-1
Let y(c) = 4109*c + 4180. What is y(-1)?
71
Let t(r) = -r**3 - 73*r**2 + 59*r - 13352. Calculate t(-76).
-508
Let y(k) = 2*k**3 - 305*k**2 + 2717*k + 249. Determine y(143).
249
Let d(w) = 23905*w - 167323. Calculate d(7).
12
Let y(p) = 7*p**3 + 469*p**2 - 1165*p - 13732. Determine y(-69).
-1
Let d(n) = -124*n - 1929. Give d(-10).
-689
Let l(o) = 177*o**2 + 6409*o + 1297. Determine l(-36).
-35
Let s(i) = -32741*i + 163484. Give s(5).
-221
Let v(g) = -g**3 + 29*g**2 + 5304*g - 166663. Calculate v(32).
-7
Let b(m) = 10*m**2 - 288*m + 159. What is b(0)?
159
Let w(t) = t**3 - 121*t**2 + 1597*t - 106. Determine w(15).
-1
Let j(u) = 11*u**2 + 102*u + 285. What is j(-3)?
78
Let c(v) = -2*v**3 - 97*v**2 + 259*v - 301. Calculate c(-51).
-505
Let s(o) = -3724*o - 316560. Calculate s(-85).
-20
Let o(r) = -48*r + 5878. Give o(89).
1606
Let f(q) = -20*q**3 - 7979*q**2 - 7561*q + 408. What is f(-398)?
10
Let r(s) = s**3 - 122*s**2 - 9082*s - 1770. What is r(-52)?
-2
Let q(z) = z**3 - 74*z**2 - 316*z + 260. What is q(78)?
-52
Let v(i) = -2*i**2 - 9470*i + 468858. Give v(49).
26
Let y(k) = -428*k**2 - 29540*k - 559. Determine y(-69).
-7
Let o(i) = -i**3 + 294*i**2 + 1357*i - 49157. Give o(298).
13
Let s(f) = 2*f**2 - 763*f + 16195. Calculate s(359).
40
Let m(w) = 152627*w + 152634. Calculate m(-1).
7
Let d(u) = 3*u**3 + 414*u**2 + 412*u + 27. Calculate d(-137).
-110
Let k(w) = -w - 393. Determine k(37).
-430
Let i(j) = 6*j**2 + 1940*j + 742. What is i(-323)?
96
Let g(s) = -50520*s + 202064. Give g(4).
-16
Let s(a) = -a**3 + 42*a**2 + 714*a + 229. What is s(55)?
174
Let r(j) = -7*j**2 + 724*j - 2391. What is r(100)?
9
Let s(n) = n**3 - 78*n**2 - 42*n - 2973. Give s(79).
-50
Let m(i) = 2*i**2 + 946*i + 109041. What is m(-274)?
-11
Let j(p) = 8*p**2 + 143*p - 2037. Determine j(12).
831
Let q(u) = -3548*u - 493246. Determine q(-139).
-74
Let n(v) = 2900*v**2 + 530701*v + 384. Calculate n(-183).
201
Let c(p) = -p**3 - 4*p**2 + 243*p + 170. Determine c(-18).
332
Let o(f) = -8*f**2 - 392*f - 4641. Give o(-20).
-1
Let n(y) = -y**3 - 438*y**2 - 47458*y + 28390. What is n(-200)?
-10
Let u(w) = -w**3 - 43*w**2 + 91*w + 2058. Calculate u(-44).
-10
Let m(g) = -11*g**2 + 136*g + 872. What is m(19)?
-515
Let l(y) = -623*y + 32973. Calculate l(53).
-46
Let c(j) = 406*j**2 + 87695*j - 217. Calculate c(-216).
-1
Let j(l) = -l**3 + 40*l**2 + 791*l - 31660. Calculate j(40).
-20
Let u(z) = -2*z**3 + 77*z**2 - 609*z + 1682. Determine u(29).
0
Let w(n) = -15841*n - 174278. Calculate w(-11).
-27
Let g(m) = m**2 - 1910*m - 146774. Give g(-74).
42
Let o(b) = -67167*b + 67142. Calculate o(1).
-25
Let z(d) = -d**2 - 4231*d - 4327493. Give z(-1731).
7
Let w(y) = -2847*y + 28464. What is w(10)